581
Suppose 2*n = 4*n - 52. Let t = n - 25. List the prime factors of -8 + 4 + 8*t.
2
Let w(y) = 841*y**2 - 36. What are the prime factors of w(3)?
3, 31
Suppose 0 = -72*r + 39*r + 28*r + 43755. List the prime factors of r.
3, 2917
Let u be (-35)/(-15) - 10/(-6). Suppose u*r - 1495 = -75. List the prime factors of r.
5, 71
Suppose -16 = -2*a - 12. Suppose 3*s = 15, 0 = y + a*y + 4*s - 278. Suppose -y = -7*v + 544. List the prime factors of v.
2, 3, 5
Let i(u) be the second derivative of -u**4/12 + 5*u**3/3 - 17*u**2/2 + 2*u. Let q(r) = r - 1. Let b(l) = -i(l) - q(l). List the prime factors of b(10).
2
Let n(w) = w**2 + 15*w - 10. Let h be n(-17). Suppose -d + h = -41. What are the prime factors of 3 + d + 20/5?
2, 3
Let z be ((-10)/(-15))/(2/42). Suppose r + z*r - 45 = 0. Suppose -133 = -n - r*a + 72, -199 = -n - a. What are the prime factors of n?
2, 7
Let x = 1182 - 818. Let h = x - 133. List the prime factors of h.
3, 7, 11
Suppose -6*t - 17*t = 46. Let z(n) be the third derivative of -11*n**4/8 + n**3 - 12*n**2. List the prime factors of z(t).
2, 3
Let c(x) = -2*x**2 - 92*x - 569. List the prime factors of c(-24).
487
Let t = 58778 - 19620. What are the prime factors of t?
2, 7, 2797
Let r = 1731 + -3620. Let j = -1298 - r. What are the prime factors of j?
3, 197
Suppose 0 = -7*h - 989 - 334. Let y = h - -525. List the prime factors of y.
2, 3, 7
List the prime factors of 569 - ((-2)/4)/(33/(-198)).
2, 283
Let j = -9647 - -16915. List the prime factors of j.
2, 23, 79
Suppose 328679 = -123*x + 3487688. List the prime factors of x.
3, 7, 1223
Let f be ((-10)/6)/(14/(-42)). Suppose -f*j - 1315 = -3*k, 0 = 2*k + 2*j - 6*j - 880. List the prime factors of k.
2, 5, 43
Let w = -35 + 40. Suppose x + 1256 = w*x - 3*r, x + 4*r = 295. What are the prime factors of x?
311
Suppose -n + 9 = 2*n. Suppose -2*o - n*o = -30. Suppose -o*x + 528 = 108. List the prime factors of x.
2, 5, 7
Suppose 32*x = 35*x - 6. Let z be (3 + 66/(-14))/(x/(-7)). Suppose -18*g = -z*g - 2412. What are the prime factors of g?
3, 67
Suppose -101*l - 22*l = -2593244 - 889993. List the prime factors of l.
28319
Suppose 0 = 4*j - h - 2808 - 2738, 0 = -4*j - 2*h + 5552. What are the prime factors of j?
19, 73
Suppose 5*o = 4*d - 0*d + 565, -4*o + 2*d + 458 = 0. Suppose 48 = 5*l - o. Let x = 38 - l. List the prime factors of x.
5
Suppose 0 = 2*o + 3*i - 10369, i = 2*o - 3726 - 6631. List the prime factors of o.
2, 5, 7, 37
Let a = 10678 + -7216. List the prime factors of a.
2, 3, 577
Suppose -68*p + 39*p = -11774. List the prime factors of p.
2, 7, 29
Let y = 354 + -187. Let j be -8 + 8 + 12 + -6. Suppose 0 = -3*t + w - j*w + y, 2*t - 118 = -2*w. What are the prime factors of t?
2
Suppose 5*k - 7*k = -4. Suppose 4*b - k*q - 92 = 0, -4*b + 133 = b + 2*q. Suppose 162*l = 167*l - b. What are the prime factors of l?
5
Let i = -2952 - -10401. What are the prime factors of i?
3, 13, 191
Let m be -2*(4 - 9/(-2)). Let x = 22 + m. What are the prime factors of 6/(((-10)/(-49))/x)?
3, 7
Let c = -509 + 887. Let y = -226 + c. Let l = -95 + y. List the prime factors of l.
3, 19
List the prime factors of 28/(-350) - (20056/60)/(10/(-258)).
2, 7, 11
List the prime factors of (-4 - (-269)/(-5))/((-22)/220).
2, 17
Let g(j) = 10*j**2 - 67*j + 1697. List the prime factors of g(27).
2, 37, 97
Let g = 53178 + -22303. List the prime factors of g.
5, 13, 19
Suppose f = l - 538, 0 = 3*f + 2*f - 5. Let p = l + -136. What are the prime factors of p?
13, 31
Suppose 4*l - 19 + 3 = 0. Let q = -173 + 178. Suppose i = -l*i, 2*i = q*h - 160. List the prime factors of h.
2
Let f(d) = 1781*d - 518. What are the prime factors of f(19)?
3, 29, 383
What are the prime factors of (5 + -47)/(81/(-6048))?
2, 7
Suppose 3*q = 3*c + 7*q + 2, -3*q - 6 = 0. Suppose 0 = 10*k - c*k - 4944. What are the prime factors of k?
2, 3, 103
Suppose 146*y - 118555 - 102058 = 106135. What are the prime factors of y?
2, 3, 373
Suppose 66*y - 32*y - 33*y - 22889 = 0. List the prime factors of y.
47, 487
Let l be (3/(-2))/((-8295)/4152 - -2). Let a = 1241 + l. Suppose -14*c + 5*c = -a. What are the prime factors of c?
61
Let g be (-53 - -60) + (1 - 6). Suppose s + 5 = -g*t + 160, -2*t = -s + 147. List the prime factors of s.
151
Let o(s) = -4 + 7 - 3 - 4 + 0 + 10*s**2 - s. What are the prime factors of o(6)?
2, 5, 7
Let p be (-1)/(1 + (-290)/289). Suppose 0*v - 614 = -4*d + 2*v, p = 2*d + 5*v. Suppose 4*z - d = -3*o + 128, 2*z + 168 = 2*o. List the prime factors of o.
2, 11
List the prime factors of 21390/(-40)*(-24)/3.
2, 3, 23, 31
What are the prime factors of (-104)/(-39)*(-5 - -3917) + 1?
10433
Suppose -2*u - 298703 = -5*o, -5*o - 269*u = -266*u - 298733. List the prime factors of o.
59743
Let i(m) = 3*m**2 - 25*m - 3292. What are the prime factors of i(-58)?
2, 3, 5, 11
Let w(f) = f**2 + f. Let c be 1 + -1 + (-8 - (-2 + -5)). Let l(b) = -12*b**2 - b + 5. Let g(o) = c*l(o) - 5*w(o). List the prime factors of g(4).
7, 13
Let d(p) be the third derivative of -1/6*p**4 + 1/120*p**6 + 7/20*p**5 + 17/6*p**3 + 0 - 25*p**2 + 0*p. List the prime factors of d(-21).
101
Let c = 46356 - 32683. List the prime factors of c.
11, 113
List the prime factors of (12 + 3 - 17) + 62377.
5, 499
Suppose 0 = -4*j - 2*c + 3034, 2*j - 1518 = -2*c - 0*c. Let h = j - 404. List the prime factors of h.
2, 3, 59
Suppose -39830 = -4*n - f, 6*n + 4*f = 7*n - 9983. List the prime factors of n.
23, 433
Let a(c) = -c**3 + 8*c**2 - 4*c + 12. Let d(k) = k + 53. Let z be d(0). Let f = z + -48. What are the prime factors of a(f)?
67
Let q(t) = -94*t**3 - t. Let a be q(-1). Suppose 0 = -5*y + 5*x - 130, 3*x = 5*y + 33 + a. What are the prime factors of y/(-2 - -3 - 4/3)?
3, 5
Let x(p) = 4*p - 28. Let z be x(8). Let q be (-8 - -4) + 23*z. Let y = q - 34. What are the prime factors of y?
2, 3
Suppose -3*u - 12 = -0*u, -40 = -4*k - 3*u. Suppose -421 = -k*v - 122. What are the prime factors of v?
23
Let o be (-10)/(-4) + (5 - (-54)/(-12)). Suppose 5*d = 5*x - x, o*x = 5*d - 5. What are the prime factors of 29*(d + 3/(-1))?
29
Let d = -611 + 603. Let n be (1/(3/132))/(-1). What are the prime factors of (278/n - d/(-44))*-34?
13, 17
Suppose 2*o = -3*o + 65. Suppose o = -2*b - 27. What are the prime factors of -3 - (-2 - b/(-1))?
19
List the prime factors of (-157)/(-10) + 1/(-2) - (-366)/(-305).
2, 7
Let l be 2/(-5) - 0 - 34/(-10). Let m(c) = 2*c - 4*c + 5*c**2 + c**3 - 3*c + l*c**2 - 1. What are the prime factors of m(-7)?
83
Suppose -64*o = -3*p - 68*o + 5654, 0 = 4*o - 8. What are the prime factors of p?
2, 941
Let w(k) = -k**3 - k**2. Let d(s) = -4*s**3 + 2*s**2 + 16*s - 4. Let p(z) = d(z) - 3*w(z). Let l be p(7). What are the prime factors of l/25*10 - -100?
2, 13
Suppose -36 = -6*z - 3*z. Suppose 10 = z*m - 22. Suppose m*k = 516 + 492. What are the prime factors of k?
2, 3, 7
Let f(j) = 490*j**2 + 187*j - 31. What are the prime factors of f(-9)?
2, 47, 101
Suppose 2*f + 3*c = 1659, 4*f - 50*c - 3306 = -52*c. What are the prime factors of f?
3, 5, 11
Let k(t) = 44*t**3 + 8*t**2 + 11*t + 6. What are the prime factors of k(3)?
3, 433
Let x = -892 + 1280. Let a = -97 + x. What are the prime factors of a?
3, 97
List the prime factors of 762302/28 - 484/6776.
3, 5, 11
Let s = -8 + -31. Let n = s + 42. Suppose -3*h - 7*x - 2 = -n*x, h - 4 = x. What are the prime factors of h?
2
Let t = 16426 - 1997. What are the prime factors of t?
47, 307
Suppose 2*j - 15 = -4*v + 7, -4*j - 26 = -2*v. Suppose -v*c - 271 = 464. List the prime factors of 90*(5 + c/25).
2, 3
Let n(k) = 6*k**3 - 8*k**2 - 15*k + 9. Let i be n(7). Suppose -3*y + 4*o = 2*y - i, -1525 = -5*y - 5*o. Suppose 275 + y = 9*w. What are the prime factors of w?
5, 13
Let h be 6/(-24) - (-1)/(20/225). Suppose -9452 = -28*x + h*x. List the prime factors of x.
2, 139
Suppose 0 = -4*h + 2*s + 93842, 46931 = 2*h - 137*s + 138*s. What are the prime factors of h?
3, 11, 79
Suppose -5*c + 0 = u + 14, 0 = c - u - 2. Let f(m) = 211*m**2 - 16*m - 28. What are the prime factors of f(c)?
2, 53
Suppose -2*k = 5*y - 30431, -3*k + 40004 + 5590 = -3*y. What are the prime factors of k?
23, 661
Suppose -5*f + 184 = 3*t + t, -4*t + 5*f = -144. Suppose 19*o - t*o + 12892 = 0. What are the prime factors of o?
2, 293
Suppose -3*w = c - 3265, c = 4*w - 